hen r is divided by 64.
62
Let k(m) = -290*m - 2681. What is the remainder when k(-21) is divided by 22?
21
Let f(s) = 6*s - 43. Let c be f(8). Suppose 2*w - c*w + 231 = 0. Let g = 112 - w. Calculate the remainder when g is divided by 13.
9
Calculate the remainder when -3 - 2/(1*4/(-1726)) is divided by 286.
2
Suppose -44*b = -1678 - 3778. Suppose -2*v = 2*v, -g + 3*v = -6. Suppose -7 - 101 = -g*r. Calculate the remainder when b is divided by r.
16
Suppose -65*t + 104 = -39*t. What is the remainder when 321 is divided by t?
1
Suppose 22*y - 40 = 26. What is the remainder when 66 is divided by (-6 + 7)*(9/y - -20)?
20
Let y be (-7)/(-77) - 2*(-3)/(-66). Suppose y = 15*u - 134 - 16. What is the remainder when 114 is divided by u?
4
Let d(a) = 9*a - 3. Let n(s) = -9*s + 4. Let u(z) = 5*d(z) + 6*n(z). Let o be u(8). Let w = o - -79. What is the remainder when w is divided by 9?
7
Suppose -3*o = 5*y - 108 - 27, -35 = -o - 5*y. Let j = 105 - 80. What is the remainder when o is divided by j?
0
Let v be ((-5)/(-4))/((-2)/(-8)). Suppose -v*n + 60 = -n. Suppose 542*p - 5312 = 9864. Calculate the remainder when p is divided by n.
13
Let t = 415 - -16. Let n = -277 + t. What is the remainder when n is divided by 31?
30
Let i be (-8)/(-4 - 4/(-2)). Suppose 5*a = -i*v + 104, 3*a = 4*a. Calculate the remainder when 151 is divided by v.
21
Let g(y) = -y**3 + 34*y**2 - 34*y + 37. Let h be g(33). Suppose -4*q + 3*t = -5*q + 10, -h*q = -3*t - 10. Calculate the remainder when 21 is divided by q.
1
Let y(w) = -7*w - 106. Let k be y(-20). Let g(d) = -d**3 + 34*d**2 + 2*d - 15. What is the remainder when g(k) is divided by 16?
5
Suppose -2*h + 3*s = -51 - 3, -4*s = 4*h - 48. Calculate the remainder when 3274 is divided by h.
16
Suppose 0 = 4*h + 5*z - 124, 0 = 5*h + 2*z - 182 + 44. What is the remainder when 3 - -177 - (1 + -1) is divided by h?
24
Suppose -98*q = -5*j - 79*q - 7, 21 = j - q. What is the remainder when 31143 is divided by j?
26
Let z(w) = 2366*w - 8025. Calculate the remainder when z(4) is divided by 10.
9
Suppose 4*f - 1931 = -l + 1197, 0 = 3*l + 5*f - 9419. What is the remainder when l is divided by 33?
13
Let d(t) be the third derivative of -7*t**4/4 - 11*t**3/6 + 22*t**2. Let i be d(-2). Suppose -8*x + 7 = -i. Calculate the remainder when 28 is divided by x.
8
Suppose -7*u + 4220 = -2870 + 62. What is the remainder when u is divided by 210?
164
Let l be 9 - (-2 - 0)*10/4. Suppose -l*n + 672 = 14*n. What is the remainder when 717 is divided by n?
21
Let b(l) = -37*l - 1. Let c(d) = -5*d**2 + 370*d - 358. What is the remainder when c(72) is divided by b(-2)?
70
Suppose -6674*f = -6671*f - 57. Let m(t) be the first derivative of t**2/2 + t + 1. What is the remainder when 32 is divided by m(f)?
12
Let m(i) = -i**3 - 47*i**2 + 92*i - 262. Calculate the remainder when 141 is divided by m(-49).
13
Let h(x) = -4*x**3 + 7*x**2 + 14*x - 4. Calculate the remainder when h(-2) is divided by ((-6)/4)/((-15)/50).
3
Let a(w) = 3*w - 87. Let u be a(7). Let p(s) = -174*s**3 + s. What is the remainder when p(-1) is divided by (-88)/u - (249/9)/(-1)?
28
Suppose 5*s - 24 = 21. Let p = -6 + s. What is the remainder when (14/6 + -2)*(-6 - -30) is divided by p?
2
What is the remainder when 4365 is divided by (3190/20 + 9)*2 - 2?
10
Let x(u) = -5*u + 3. Let a(z) = -z**3 - 5*z**2 + z + 5. Let y be a(-5). Suppose -8*j + 382 + 338 = y. Calculate the remainder when j is divided by x(-4).
21
Suppose -1041 = 11*i - 2097. Calculate the remainder when 102 is divided by i.
6
Let g(y) = 4*y**2 + 334*y - 341*y + 4 - y**3 + 2*y**3. Suppose -5*h + 92 + 138 = 0. Calculate the remainder when h is divided by g(-5).
4
Let y = 4354 - 3710. What is the remainder when y is divided by 109?
99
Let p = -7621 + 7776. Suppose -4*t + 57 = -47. Calculate the remainder when p is divided by t.
25
Let k = 62 + -9. Suppose -2*i - k = -t, -260 = -4*t - 9*i + 5*i. Let r = -12 - -44. Calculate the remainder when t is divided by r.
29
Suppose -3*t + 20171 + 14575 = 0. Calculate the remainder when t is divided by 35.
32
Suppose 23*n - 485 = 18*n. Let g(b) = 4*b + 15. Let o be g(-6). Let v = 29 + o. What is the remainder when n is divided by v?
17
Suppose -l - 4*l = 0. Suppose l = -4*s + s + 105. Suppose -101 - 34 = -o + 2*w, -2*o + 3*w = -272. Calculate the remainder when o is divided by s.
34
Let v = -1245 - -1297. Let o(p) = p**3 + 12*p**2 - 15*p - 14. Calculate the remainder when v is divided by o(-13).
4
Suppose 1182 = 18*o - 204. Let j(m) = -m**3 - 3*m**2 - 8. Let i be j(-4). Suppose l - 24 = -i. What is the remainder when o is divided by l?
13
Suppose -7*h = -2*h + 75. Let t = h - -17. Suppose -4*v + 57 = 3*c, -t*v = -c - 2*c + 39. Calculate the remainder when c is divided by 6.
3
Let o = 100 + -11. Suppose 100 = 3*b - o. What is the remainder when b is divided by 4?
3
Let d(y) = 4*y**2 - 4*y - 122. Let c be d(11). Let r = c + -258. Calculate the remainder when r is divided by 13.
8
Let d = 11945 - 11759. What is the remainder when d is divided by 174?
12
Let z be 8/6 + 20/(-15). Suppose z = 12*y - 22 - 14. Suppose -y*w = 2*x - 61, -w + 32 = 2*x + 5. Calculate the remainder when 50 is divided by w.
16
Suppose -5*m = m + 18162. Let v = -1789 - m. Calculate the remainder when 7/35 - v/(-10) is divided by 32.
28
Suppose 2*i - 27 = 5*p - 2*p, -i + p = -16. What is the remainder when 328 is divided by i?
13
Suppose 24*y - 2083 - 12406 = 5575. Calculate the remainder when y is divided by 36.
8
Let c = 18795 + -17787. What is the remainder when c is divided by 497?
14
Let y(m) = 6*m**2 - 82*m + 101. Calculate the remainder when y(18) is divided by (1 - -2) + (4 - (2 - 25)).
29
Let q(l) = -34*l + 179. Let p = -44 - -168. Calculate the remainder when p is divided by q(4).
38
Suppose -8 = -p + 5*c - 28, 4*p = c - 4. Suppose p = -12*h + 10*h + 8. Suppose -6 = -3*i, -h*r - 3*i = i - 692. What is the remainder when r is divided by 29?
26
Let y = -21069 + 38827. What is the remainder when y is divided by 12?
10
Let n = -2109 + 33626. What is the remainder when n is divided by 80?
77
Let j = 38 + -32. Let m = -9 - -7. What is the remainder when ((-37)/m)/(3/j) is divided by 13?
11
Let c(v) = v**2 - 2*v + 4. Let d(t) = -t**2 - t. Let p be d(-4). Let x = 15 - p. Calculate the remainder when x is divided by c(3).
6
Let h(w) be the first derivative of 5*w**3/3 - w - 37. What is the remainder when h(4) is divided by 20?
19
Calculate the remainder when 4/22*13992/48 is divided by -1 - 1 - (-11 - -1).
5
Suppose -149*h + 16947 = 2941. Calculate the remainder when h is divided by 50.
44
Suppose -2*m + 3*r + 386 = -175, -4*m = r - 1129. Let k = m + -241. Calculate the remainder when 124 is divided by k.
1
Suppose -10 = -2*z + 2. Let o = 627 + -588. Calculate the remainder when o is divided by z.
3
Let v = 120 - 121. Let h(t) = -18*t**3 - 2*t**2 - 6*t - 4. Calculate the remainder when h(v) is divided by 13.
5
Calculate the remainder when 1237 + (-4 + -8 - -6) is divided by 16.
15
Suppose 116 = 6*l - 1180. Suppose -5*y + w - 13 = -283, -5*w = 4*y - l. Let q = y + -23. Calculate the remainder when q is divided by 8.
7
Suppose -5 = -5*z + 15. Let l be 6/z - 387/(-6). Let w = l + -45. Calculate the remainder when 59 is divided by w.
17
Let w be (-1 + (-3)/(-2))/(22/(-7436)). Let y = w + 256. What is the remainder when y is divided by 46?
41
What is the remainder when 357 is divided by (-21541)/(-273) + ((-176)/(-84) - 2)?
41
Let s be (1116/5)/3 - (-24)/(-60). Let x = -86 + s. What is the remainder when 547/9 - x/54 is divided by 16?
13
What is the remainder when 172 is divided by ((6/25)/(3/(-15)))/((-75)/5500)?
84
Let l = 18 + 2314. What is the remainder when l is divided by 78?
70
Let c(x) = 5*x**2 + 131*x - 3429. What is the remainder when c(18) is divided by 73?
38
Suppose 5*r - 16 = 19, 4*r - 88 = -3*q. What is the remainder when 145 is divided by q?
5
Let a = 30 - -13. What is the remainder when a is divided by ((-240)/104)/((-18)/117)?
13
Calculate the remainder when (-2)/(-28) - (-161100)/168 is divided by 7.
0
Suppose -530 = 3*s - 518. Let z(w) = w**3 + w**2 - 4*w + 44. Calculate the remainder when 54 is divided by z(s).
6
Let b(j) = j**2 - 4*j + 8. Let f(x) = x**3 + 2*x**2 - 11*x - 2. Let y be f(-4). Suppose -4*c +